0821?
5
What is the ten thousands digit of 56766176?
6
What is the millions digit of 84532710?
4
What is the units digit of 52811791?
1
What is the hundreds digit of 33106008?
0
What is the hundred thousands digit of 1272028?
2
What is the tens digit of 57117747?
4
What is the hundred thousands digit of 198618118?
6
What is the hundred millions digit of 3102000097?
1
What is the hundred thousands digit of 41226042?
2
What is the ten thousands digit of 79365916?
6
What is the millions digit of 6393113?
6
What is the ten millions digit of 1505916311?
0
What is the ten thousands digit of 1443784867?
8
What is the hundred millions digit of 156663646?
1
What is the hundreds digit of 66711946?
9
What is the millions digit of 1225528682?
5
What is the ten thousands digit of 3026737617?
3
What is the units digit of 50837238?
8
What is the tens digit of 300424899?
9
What is the units digit of 360505589?
9
What is the tens digit of 12627417?
1
What is the units digit of 320942119?
9
What is the thousands digit of 220822490?
2
What is the hundred millions digit of 3817507329?
8
What is the millions digit of 32909542?
2
What is the hundred thousands digit of 2890893503?
8
What is the ten millions digit of 168463649?
6
What is the units digit of 85761798?
8
What is the hundred thousands digit of 48894319?
8
What is the units digit of 980538652?
2
What is the units digit of 68534406?
6
What is the units digit of 630888466?
6
What is the hundred thousands digit of 29995116?
9
What is the units digit of 2968271425?
5
What is the hundreds digit of 49438514?
5
What is the ten millions digit of 149543246?
4
What is the ten thousands digit of 18690587?
9
What is the ten millions digit of 36359447?
3
What is the millions digit of 47155099?
7
What is the hundred millions digit of 155312881?
1
What is the hundred millions digit of 801540439?
8
What is the thousands digit of 40208162?
8
What is the millions digit of 91771698?
1
What is the millions digit of 3684788965?
4
What is the ten millions digit of 17045527?
1
What is the ten thousands digit of 298326006?
2
What is the thousands digit of 162467563?
7
What is the billions digit of 2343403940?
2
What is the hundred thousands digit of 441662538?
6
What is the hundreds digit of 66433971?
9
What is the ten millions digit of 1939901618?
3
What is the ten thousands digit of 768129700?
2
What is the hundred thousands digit of 31486100?
4
What is the hundreds digit of 14329547?
5
What is the ten millions digit of 73350459?
7
What is the millions digit of 6087167?
6
What is the millions digit of 121362714?
1
What is the hundred thousands digit of 1062742266?
7
What is the thousands digit of 1480095348?
5
What is the tens digit of 141238015?
1
What is the thousands digit of 2110234010?
4
What is the tens digit of 83613365?
6
What is the millions digit of 2653018759?
3
What is the ten millions digit of 144297969?
4
What is the units digit of 146499224?
4
What is the millions digit of 554160387?
4
What is the ten millions digit of 88085464?
8
What is the tens digit of 3758414731?
3
What is the hundred millions digit of 1242268854?
2
What is the millions digit of 4830180714?
0
What is the hundreds digit of 769631498?
4
What is the millions digit of 1016222370?
6
What is the millions digit of 57206464?
7
What is the hundreds digit of 85911165?
1
What is the ten thousands digit of 1268292189?
9
What is the tens digit of 495431636?
3
What is the units digit of 132544313?
3
What is the hundred thousands digit of 7256415377?
4
What is the thousands digit of 28847870?
7
What is the hundreds digit of 472373711?
7
What is the tens digit of 24182941?
4
What is the thousands digit of 10849320?
9
What is the hundreds digit of 102558102?
1
What is the hundreds digit of 558538961?
9
What is the millions digit of 1701713119?
1
What is the hundreds digit of 286625213?
2
What is the tens digit of 5406144?
4
What is the hundred millions digit of 420733638?
4
What is the millions digit of 4400115?
4
What is the thousands digit of 343445079?
5
What is the ten thousands digit of 3625474672?
7
What is the tens digit of 396311740?
4
What is the billions digit of 1542691834?
1
What is the ten thousands digit of 245543578?
4
What is the ten thousands digit of 83159381?
5
What is the ten millions digit of 470755846?
7
What is the hundred thousands digit of 1573016740?
0
What is the hundred thousands digit of 2316706521?
7
What is the ten thousands digit of 24233320?
3
What is the hundreds digit of 26244929?
9
What is the millions digit of 1886055412?
6
What is the hundreds digit of 2792534939?
9
What is the hundreds digit of 77615784?
7
What is the ten thousands digit of 68511573?
1
What is the tens digit of 9893657?
5
What is the units digit of 519394725?
5
What is the tens digit of 5563449513?
1
What is the ten millions digit of 22222000?
2
What is the thousands digit of 135266864?
6
What is the ten thousands digit of 4457915056?
1
What is the millions digit of 964413800?
4
What is the ten thousands digit of 32506401?
0
What is the thousands digit of 687509961?
9
What is the hundred millions digit of 680488955?
6
What is the tens digit of 651465438?
3
What is the thousands digit of 219257519?
7
What is the millions digit of 36956471?
6
What is the hundred millions digit of 2452867962?
4
What is the hundred thousands digit of 107000600?
0
What is the hundreds digit of 59387477?
4
What is the units digit of 154351249?
9
What is the millions digit of 53280185?
3
What is the thousands digit of 888698387?
8
What is the units digit of 86127076?
6
What is the thousands digit of 5611087922?
7
What is the units digit of 2524953143?
3
What is the millions digit of 86230341?
6
What is the hundred thousands digit of 6751520858?
5
What is the hundreds digit of 375546856?
8
What is the units digit of 8836538?
8
What is the hundred millions digit of 163634207?
1
What is the ten thousands digit of 594625954?
2
What is the thousands digit of 399595053?
5
What is the tens digit of 80595402?
0
What is the hundreds digit of 231516375?
3
What is the units digit of 465742090?
0
What is the hundred thousands digit of 65696047?
6
What is the billions digit of 1495377036?
1
What is the tens digit of 551710585?
8
What is the hundred thousands digit of 58912641?
9
What is the billions digit of 3653629153?
3
What is the tens digit of 46080111?
1
What is the hundred thousands digit of 158656112?
6
What is the hundred millions digit of 172507090?
1
What is the thousands digit of 2079728415?
8
What is the units digit of 111975575?
5
What is the ten thousands digit of 719206136?
0
What is the tens digit of 1275755?
5
What is the ten thousands digit of 703815901?
1
What is the hundred thousands digit of 540915295?
9
What is the units digit of 634002568?
8
What is the units digit of 76298301?
1
What is the millions digit of 4298205681?
8
What is the ten millions digit of 1839889970?
3
What is the hundred millions digit of 4599505376?
5
What is the ten thousands digit of 1035242700?
4
What is the units digit of 35469606?
6
What is the ten millions digit of 2441583883?
4
What is the millions digit of 4078159676?
8
What is the tens digit of 59036699?
9
What is the hundred thousands digit of 947190986?
1
What is the tens digit of 203660850?
5
What is the billions digit of 1045752651?
1
What is the tens digit of 174587250?
5
What is the ten millions digit of 1321830458?
2
What is the hundreds digit of 227074341?
3
What is the hundred millions digit of 584524683?
5
What is the units digit of 603529987?
7
What is the hundred millions digit of 2444692020?
4
What is the units digit of 63173769?
9
What is the hundred thousands digit of 567041432?
0
What is the ten thousands digit of 173887135?
8
What is the thousands digit of 2850182149?
2
What is the hundred thousands digit of 168932540?
9
What is the ten millions digit of 587423114?
8
What is the hundred thousands digit of 454590703?
5
What is the ten thousands digit of 114723537?
2
What is the hundred millions digit of 331644362?
3
What is the hundred millions digit of 698645891?
6
What is the millions digit of 24493233?
4
What is the ten millions digit of 3216686994?
1
What is the ten millions digit of 3836673793?
3
What is the hun